{"id":277,"date":"2024-10-11T15:23:20","date_gmt":"2024-10-11T13:23:20","guid":{"rendered":"https:\/\/www.linvitationducolibri.com\/?page_id=277"},"modified":"2025-02-19T15:17:42","modified_gmt":"2025-02-19T14:17:42","slug":"elementor-277","status":"publish","type":"page","link":"https:\/\/www.linvitationducolibri.com\/index.php\/elementor-277\/","title":{"rendered":"Cr\u00e9ations canalis\u00e9es"},"content":{"rendered":"\t\t<div data-elementor-type=\"wp-page\" data-elementor-id=\"277\" class=\"elementor elementor-277\">\n\t\t\t\t\t\t\t<div class=\"elementor-element elementor-element-8f28d97 e-flex e-con-boxed e-con e-parent\" data-id=\"8f28d97\" data-element_type=\"container\" data-settings=\"{&quot;content_width&quot;:&quot;boxed&quot;}\" data-core-v316-plus=\"true\">\n\t\t\t\t\t<div class=\"e-con-inner\">\n\t\t\t\t<div class=\"elementor-element elementor-element-b09a948 elementor-widget elementor-widget-heading\" data-id=\"b09a948\" data-element_type=\"widget\" data-widget_type=\"heading.default\">\n\t\t\t\t<div class=\"elementor-widget-container\">\n\t\t\t<style>\/*! elementor - v3.18.0 - 08-12-2023 *\/\n.elementor-heading-title{padding:0;margin:0;line-height:1}.elementor-widget-heading .elementor-heading-title[class*=elementor-size-]>a{color:inherit;font-size:inherit;line-height:inherit}.elementor-widget-heading .elementor-heading-title.elementor-size-small{font-size:15px}.elementor-widget-heading .elementor-heading-title.elementor-size-medium{font-size:19px}.elementor-widget-heading .elementor-heading-title.elementor-size-large{font-size:29px}.elementor-widget-heading .elementor-heading-title.elementor-size-xl{font-size:39px}.elementor-widget-heading .elementor-heading-title.elementor-size-xxl{font-size:59px}<\/style><h2 class=\"elementor-heading-title elementor-size-default\">D\u00e9couvre les cr\u00e9ations canalis\u00e9es<\/h2>\t\t<\/div>\n\t\t\t\t<\/div>\n\t\t\t\t\t<\/div>\n\t\t\t\t<\/div>\n\t\t<div class=\"elementor-element elementor-element-04d0059 e-flex e-con-boxed e-con e-parent\" data-id=\"04d0059\" data-element_type=\"container\" data-settings=\"{&quot;content_width&quot;:&quot;boxed&quot;}\" data-core-v316-plus=\"true\">\n\t\t\t\t\t<div class=\"e-con-inner\">\n\t\t\t\t<div class=\"elementor-element elementor-element-2892d55 elementor-widget elementor-widget-text-editor\" data-id=\"2892d55\" data-element_type=\"widget\" data-widget_type=\"text-editor.default\">\n\t\t\t\t<div class=\"elementor-widget-container\">\n\t\t\t<style>\/*! elementor - v3.18.0 - 08-12-2023 *\/\n.elementor-widget-text-editor.elementor-drop-cap-view-stacked .elementor-drop-cap{background-color:#69727d;color:#fff}.elementor-widget-text-editor.elementor-drop-cap-view-framed .elementor-drop-cap{color:#69727d;border:3px solid;background-color:transparent}.elementor-widget-text-editor:not(.elementor-drop-cap-view-default) .elementor-drop-cap{margin-top:8px}.elementor-widget-text-editor:not(.elementor-drop-cap-view-default) .elementor-drop-cap-letter{width:1em;height:1em}.elementor-widget-text-editor .elementor-drop-cap{float:left;text-align:center;line-height:1;font-size:50px}.elementor-widget-text-editor .elementor-drop-cap-letter{display:inline-block}<\/style>\t\t\t\t<p>Tu as envie d&#8217;avoir une toile \u00e9nerg\u00e9tique adapt\u00e9e \u00e0 tes envies, tes besoins.\u00a0<\/p><p>Tu veux d\u00e9couvrir quels sont les fr\u00e9quences qui t&#8217;animent.\u00a0<\/p><p>Tu veux avoir un ancrage sur lequel te poser et pour la pi\u00e8ce o\u00f9 tu as choisi de mettre la cr\u00e9ation.\u00a0<\/p><p>La cr\u00e9ation canalis\u00e9e est la cr\u00e9ation qui va \u00eatre cr\u00e9\u00e9 dans le moment t. Elle est juste pour le moment que tu vis actuellement.\u00a0<\/p><p>Cette cr\u00e9ation sera UNIQUE et pour TOI seule.\u00a0<\/p>\t\t\t\t\t\t<\/div>\n\t\t\t\t<\/div>\n\t\t\t\t\t<\/div>\n\t\t\t\t<\/div>\n\t\t<div class=\"elementor-element elementor-element-bfb6180 e-flex e-con-boxed e-con e-parent\" data-id=\"bfb6180\" data-element_type=\"container\" data-settings=\"{&quot;content_width&quot;:&quot;boxed&quot;}\" data-core-v316-plus=\"true\">\n\t\t\t\t\t<div class=\"e-con-inner\">\n\t\t<div class=\"elementor-element elementor-element-6c32447 e-con-full e-flex e-con e-child\" data-id=\"6c32447\" data-element_type=\"container\" data-settings=\"{&quot;content_width&quot;:&quot;full&quot;}\">\n\t\t\t\t<div class=\"elementor-element elementor-element-3a964f4 elementor-widget elementor-widget-image\" data-id=\"3a964f4\" data-element_type=\"widget\" data-widget_type=\"image.default\">\n\t\t\t\t<div class=\"elementor-widget-container\">\n\t\t\t<style>\/*! elementor - v3.18.0 - 08-12-2023 *\/\n.elementor-widget-image{text-align:center}.elementor-widget-image a{display:inline-block}.elementor-widget-image a img[src$=\".svg\"]{width:48px}.elementor-widget-image img{vertical-align:middle;display:inline-block}<\/style>\t\t\t\t\t\t\t\t\t\t\t\t<img fetchpriority=\"high\" decoding=\"async\" width=\"768\" height=\"1024\" src=\"https:\/\/www.linvitationducolibri.com\/wp-content\/uploads\/2024\/10\/peinture-virginie-768x1024.jpg\" class=\"attachment-large size-large wp-image-254\" alt=\"danse avec son ombre\" srcset=\"https:\/\/www.linvitationducolibri.com\/wp-content\/uploads\/2024\/10\/peinture-virginie-768x1024.jpg 768w, https:\/\/www.linvitationducolibri.com\/wp-content\/uploads\/2024\/10\/peinture-virginie-225x300.jpg 225w, https:\/\/www.linvitationducolibri.com\/wp-content\/uploads\/2024\/10\/peinture-virginie-1152x1536.jpg 1152w, https:\/\/www.linvitationducolibri.com\/wp-content\/uploads\/2024\/10\/peinture-virginie-1536x2048.jpg 1536w, https:\/\/www.linvitationducolibri.com\/wp-content\/uploads\/2024\/10\/peinture-virginie-scaled.jpg 1920w\" sizes=\"(max-width: 768px) 100vw, 768px\" \/>\t\t\t\t\t\t\t\t\t\t\t\t\t\t\t<\/div>\n\t\t\t\t<\/div>\n\t\t\t\t<div class=\"elementor-element elementor-element-45fa77f elementor-widget elementor-widget-heading\" data-id=\"45fa77f\" data-element_type=\"widget\" data-widget_type=\"heading.default\">\n\t\t\t\t<div class=\"elementor-widget-container\">\n\t\t\t<h2 class=\"elementor-heading-title elementor-size-default\">\"Danse avec son ombre\"<\/h2>\t\t<\/div>\n\t\t\t\t<\/div>\n\t\t\t\t<\/div>\n\t\t<div class=\"elementor-element elementor-element-ad0368f e-con-full e-flex e-con e-child\" data-id=\"ad0368f\" data-element_type=\"container\" data-settings=\"{&quot;content_width&quot;:&quot;full&quot;}\">\n\t\t\t\t<div class=\"elementor-element elementor-element-e2c2e95 elementor-widget elementor-widget-image\" data-id=\"e2c2e95\" data-element_type=\"widget\" data-widget_type=\"image.default\">\n\t\t\t\t<div class=\"elementor-widget-container\">\n\t\t\t\t\t\t\t\t\t\t\t\t\t\t\t<img decoding=\"async\" width=\"1024\" height=\"713\" src=\"https:\/\/www.linvitationducolibri.com\/wp-content\/uploads\/2025\/02\/virginie-soin-1024x713.jpg\" class=\"attachment-large size-large wp-image-442\" alt=\"\" srcset=\"https:\/\/www.linvitationducolibri.com\/wp-content\/uploads\/2025\/02\/virginie-soin-1024x713.jpg 1024w, https:\/\/www.linvitationducolibri.com\/wp-content\/uploads\/2025\/02\/virginie-soin-300x209.jpg 300w, https:\/\/www.linvitationducolibri.com\/wp-content\/uploads\/2025\/02\/virginie-soin-768x535.jpg 768w, https:\/\/www.linvitationducolibri.com\/wp-content\/uploads\/2025\/02\/virginie-soin.jpg 1137w\" sizes=\"(max-width: 1024px) 100vw, 1024px\" \/>\t\t\t\t\t\t\t\t\t\t\t\t\t\t\t<\/div>\n\t\t\t\t<\/div>\n\t\t\t\t<\/div>\n\t\t\t\t\t<\/div>\n\t\t\t\t<\/div>\n\t\t<div class=\"elementor-element elementor-element-d9055a1 e-flex e-con-boxed e-con e-parent\" data-id=\"d9055a1\" data-element_type=\"container\" data-settings=\"{&quot;content_width&quot;:&quot;boxed&quot;}\" data-core-v316-plus=\"true\">\n\t\t\t\t\t<div class=\"e-con-inner\">\n\t\t\t\t<div class=\"elementor-element elementor-element-6994002 elementor-align-center elementor-widget elementor-widget-button\" data-id=\"6994002\" data-element_type=\"widget\" data-widget_type=\"button.default\">\n\t\t\t\t<div class=\"elementor-widget-container\">\n\t\t\t\t\t<div class=\"elementor-button-wrapper\">\n\t\t\t<a class=\"elementor-button elementor-size-sm\" role=\"button\">\n\t\t\t\t\t\t<span class=\"elementor-button-content-wrapper\">\n\t\t\t\t\t\t<span class=\"elementor-button-text\">\u00e0 partir de 60 euros - sur devis - Paiement possible en plusieurs fois sur demande<\/span>\n\t\t<\/span>\n\t\t\t\t\t<\/a>\n\t\t<\/div>\n\t\t\t\t<\/div>\n\t\t\t\t<\/div>\n\t\t\t\t\t<\/div>\n\t\t\t\t<\/div>\n\t\t\t\t\t\t\t<\/div>\n\t\t","protected":false},"excerpt":{"rendered":"<p>D\u00e9couvre les cr\u00e9ations canalis\u00e9es Tu as envie d&#8217;avoir une toile \u00e9nerg\u00e9tique adapt\u00e9e \u00e0 tes envies, tes besoins.\u00a0 Tu veux d\u00e9couvrir quels sont les fr\u00e9quences qui t&#8217;animent.\u00a0 Tu veux avoir un ancrage sur lequel te poser et pour la pi\u00e8ce o\u00f9 tu as choisi de mettre la cr\u00e9ation.\u00a0 La cr\u00e9ation canalis\u00e9e est la cr\u00e9ation qui va [&hellip;]<\/p>\n","protected":false},"author":1,"featured_media":254,"parent":0,"menu_order":0,"comment_status":"closed","ping_status":"closed","template":"","meta":{"footnotes":""},"class_list":["post-277","page","type-page","status-publish","has-post-thumbnail","hentry"],"yoast_head":"<!-- This site is optimized with the Yoast SEO plugin v21.6 - https:\/\/yoast.com\/wordpress\/plugins\/seo\/ -->\n<title>Cr\u00e9ations canalis\u00e9es - L&#039;invitation du colibri<\/title>\n<meta name=\"robots\" content=\"index, follow, max-snippet:-1, max-image-preview:large, max-video-preview:-1\" \/>\n<link rel=\"canonical\" href=\"http:\/\/www.linvitationducolibri.com\/index.php\/elementor-277\/\" \/>\n<meta property=\"og:locale\" content=\"en_US\" \/>\n<meta property=\"og:type\" content=\"article\" \/>\n<meta property=\"og:title\" content=\"Cr\u00e9ations canalis\u00e9es - L&#039;invitation du colibri\" \/>\n<meta property=\"og:description\" content=\"D\u00e9couvre les cr\u00e9ations canalis\u00e9es Tu as envie d&#8217;avoir une toile \u00e9nerg\u00e9tique adapt\u00e9e \u00e0 tes envies, tes besoins.\u00a0 Tu veux d\u00e9couvrir quels sont les fr\u00e9quences qui t&#8217;animent.\u00a0 Tu veux avoir un ancrage sur lequel te poser et pour la pi\u00e8ce o\u00f9 tu as choisi de mettre la cr\u00e9ation.\u00a0 La cr\u00e9ation canalis\u00e9e est la cr\u00e9ation qui va [&hellip;]\" \/>\n<meta property=\"og:url\" content=\"http:\/\/www.linvitationducolibri.com\/index.php\/elementor-277\/\" \/>\n<meta property=\"og:site_name\" content=\"L&#039;invitation du colibri\" \/>\n<meta property=\"article:modified_time\" content=\"2025-02-19T14:17:42+00:00\" \/>\n<meta property=\"og:image\" content=\"http:\/\/www.linvitationducolibri.com\/wp-content\/uploads\/2024\/10\/peinture-virginie-scaled.jpg\" \/>\n\t<meta property=\"og:image:width\" content=\"1920\" \/>\n\t<meta property=\"og:image:height\" content=\"2560\" \/>\n\t<meta property=\"og:image:type\" content=\"image\/jpeg\" \/>\n<meta name=\"twitter:card\" content=\"summary_large_image\" \/>\n<meta name=\"twitter:label1\" content=\"Est. reading time\" \/>\n\t<meta name=\"twitter:data1\" content=\"1 minute\" \/>\n<script type=\"application\/ld+json\" class=\"yoast-schema-graph\">{\"@context\":\"https:\/\/schema.org\",\"@graph\":[{\"@type\":\"WebPage\",\"@id\":\"http:\/\/www.linvitationducolibri.com\/index.php\/elementor-277\/\",\"url\":\"http:\/\/www.linvitationducolibri.com\/index.php\/elementor-277\/\",\"name\":\"Cr\u00e9ations canalis\u00e9es - L&#039;invitation du colibri\",\"isPartOf\":{\"@id\":\"http:\/\/www.linvitationducolibri.com\/#website\"},\"datePublished\":\"2024-10-11T13:23:20+00:00\",\"dateModified\":\"2025-02-19T14:17:42+00:00\",\"breadcrumb\":{\"@id\":\"http:\/\/www.linvitationducolibri.com\/index.php\/elementor-277\/#breadcrumb\"},\"inLanguage\":\"en-US\",\"potentialAction\":[{\"@type\":\"ReadAction\",\"target\":[\"http:\/\/www.linvitationducolibri.com\/index.php\/elementor-277\/\"]}]},{\"@type\":\"BreadcrumbList\",\"@id\":\"http:\/\/www.linvitationducolibri.com\/index.php\/elementor-277\/#breadcrumb\",\"itemListElement\":[{\"@type\":\"ListItem\",\"position\":1,\"name\":\"Home\",\"item\":\"http:\/\/www.linvitationducolibri.com\/\"},{\"@type\":\"ListItem\",\"position\":2,\"name\":\"Cr\u00e9ations canalis\u00e9es\"}]},{\"@type\":\"WebSite\",\"@id\":\"http:\/\/www.linvitationducolibri.com\/#website\",\"url\":\"http:\/\/www.linvitationducolibri.com\/\",\"name\":\"L&#039;invitation du colibri\",\"description\":\"Virginie Sylvestre-Baron\",\"potentialAction\":[{\"@type\":\"SearchAction\",\"target\":{\"@type\":\"EntryPoint\",\"urlTemplate\":\"http:\/\/www.linvitationducolibri.com\/?s={search_term_string}\"},\"query-input\":\"required name=search_term_string\"}],\"inLanguage\":\"en-US\"}]}<\/script>\n<!-- \/ Yoast SEO plugin. -->","yoast_head_json":{"title":"Cr\u00e9ations canalis\u00e9es - L&#039;invitation du colibri","robots":{"index":"index","follow":"follow","max-snippet":"max-snippet:-1","max-image-preview":"max-image-preview:large","max-video-preview":"max-video-preview:-1"},"canonical":"http:\/\/www.linvitationducolibri.com\/index.php\/elementor-277\/","og_locale":"en_US","og_type":"article","og_title":"Cr\u00e9ations canalis\u00e9es - L&#039;invitation du colibri","og_description":"D\u00e9couvre les cr\u00e9ations canalis\u00e9es Tu as envie d&#8217;avoir une toile \u00e9nerg\u00e9tique adapt\u00e9e \u00e0 tes envies, tes besoins.\u00a0 Tu veux d\u00e9couvrir quels sont les fr\u00e9quences qui t&#8217;animent.\u00a0 Tu veux avoir un ancrage sur lequel te poser et pour la pi\u00e8ce o\u00f9 tu as choisi de mettre la cr\u00e9ation.\u00a0 La cr\u00e9ation canalis\u00e9e est la cr\u00e9ation qui va [&hellip;]","og_url":"http:\/\/www.linvitationducolibri.com\/index.php\/elementor-277\/","og_site_name":"L&#039;invitation du colibri","article_modified_time":"2025-02-19T14:17:42+00:00","og_image":[{"width":1920,"height":2560,"url":"http:\/\/www.linvitationducolibri.com\/wp-content\/uploads\/2024\/10\/peinture-virginie-scaled.jpg","type":"image\/jpeg"}],"twitter_card":"summary_large_image","twitter_misc":{"Est. reading time":"1 minute"},"schema":{"@context":"https:\/\/schema.org","@graph":[{"@type":"WebPage","@id":"http:\/\/www.linvitationducolibri.com\/index.php\/elementor-277\/","url":"http:\/\/www.linvitationducolibri.com\/index.php\/elementor-277\/","name":"Cr\u00e9ations canalis\u00e9es - L&#039;invitation du colibri","isPartOf":{"@id":"http:\/\/www.linvitationducolibri.com\/#website"},"datePublished":"2024-10-11T13:23:20+00:00","dateModified":"2025-02-19T14:17:42+00:00","breadcrumb":{"@id":"http:\/\/www.linvitationducolibri.com\/index.php\/elementor-277\/#breadcrumb"},"inLanguage":"en-US","potentialAction":[{"@type":"ReadAction","target":["http:\/\/www.linvitationducolibri.com\/index.php\/elementor-277\/"]}]},{"@type":"BreadcrumbList","@id":"http:\/\/www.linvitationducolibri.com\/index.php\/elementor-277\/#breadcrumb","itemListElement":[{"@type":"ListItem","position":1,"name":"Home","item":"http:\/\/www.linvitationducolibri.com\/"},{"@type":"ListItem","position":2,"name":"Cr\u00e9ations canalis\u00e9es"}]},{"@type":"WebSite","@id":"http:\/\/www.linvitationducolibri.com\/#website","url":"http:\/\/www.linvitationducolibri.com\/","name":"L&#039;invitation du colibri","description":"Virginie Sylvestre-Baron","potentialAction":[{"@type":"SearchAction","target":{"@type":"EntryPoint","urlTemplate":"http:\/\/www.linvitationducolibri.com\/?s={search_term_string}"},"query-input":"required name=search_term_string"}],"inLanguage":"en-US"}]}},"_links":{"self":[{"href":"https:\/\/www.linvitationducolibri.com\/index.php\/wp-json\/wp\/v2\/pages\/277","targetHints":{"allow":["GET"]}}],"collection":[{"href":"https:\/\/www.linvitationducolibri.com\/index.php\/wp-json\/wp\/v2\/pages"}],"about":[{"href":"https:\/\/www.linvitationducolibri.com\/index.php\/wp-json\/wp\/v2\/types\/page"}],"author":[{"embeddable":true,"href":"https:\/\/www.linvitationducolibri.com\/index.php\/wp-json\/wp\/v2\/users\/1"}],"replies":[{"embeddable":true,"href":"https:\/\/www.linvitationducolibri.com\/index.php\/wp-json\/wp\/v2\/comments?post=277"}],"version-history":[{"count":19,"href":"https:\/\/www.linvitationducolibri.com\/index.php\/wp-json\/wp\/v2\/pages\/277\/revisions"}],"predecessor-version":[{"id":445,"href":"https:\/\/www.linvitationducolibri.com\/index.php\/wp-json\/wp\/v2\/pages\/277\/revisions\/445"}],"wp:featuredmedia":[{"embeddable":true,"href":"https:\/\/www.linvitationducolibri.com\/index.php\/wp-json\/wp\/v2\/media\/254"}],"wp:attachment":[{"href":"https:\/\/www.linvitationducolibri.com\/index.php\/wp-json\/wp\/v2\/media?parent=277"}],"curies":[{"name":"wp","href":"https:\/\/api.w.org\/{rel}","templated":true}]}}